divisor of 123 and 3649?
41
Calculate the highest common divisor of 68 and 391.
17
What is the highest common divisor of 19 and 18259?
19
Calculate the greatest common factor of 695 and 5421.
139
Calculate the highest common divisor of 64 and 45088.
32
Calculate the highest common factor of 678 and 48.
6
Calculate the highest common divisor of 2328 and 552.
24
What is the greatest common factor of 61 and 244?
61
What is the greatest common divisor of 188 and 1363?
47
What is the highest common factor of 1157 and 13?
13
What is the highest common factor of 1610 and 1840?
230
Calculate the greatest common divisor of 23 and 11983.
23
Calculate the highest common divisor of 22 and 704.
22
What is the greatest common divisor of 8 and 88?
8
What is the greatest common divisor of 1796 and 4?
4
What is the greatest common factor of 114 and 5757?
57
What is the highest common divisor of 1 and 229?
1
What is the greatest common divisor of 45 and 774?
9
Calculate the greatest common factor of 945 and 3360.
105
What is the highest common factor of 1624 and 84?
28
Calculate the highest common factor of 87 and 928.
29
What is the highest common divisor of 728 and 12?
4
Calculate the greatest common factor of 1386 and 63.
63
Calculate the greatest common divisor of 228 and 948.
12
Calculate the greatest common factor of 17 and 544.
17
Calculate the highest common divisor of 24 and 3.
3
What is the greatest common divisor of 3 and 432?
3
Calculate the highest common factor of 45 and 65.
5
Calculate the highest common factor of 40 and 125640.
40
Calculate the greatest common divisor of 4 and 368.
4
Calculate the highest common divisor of 2824 and 1765.
353
What is the highest common factor of 6 and 114?
6
What is the greatest common divisor of 42 and 3507?
21
Calculate the greatest common divisor of 144 and 1800.
72
Calculate the greatest common factor of 895 and 10.
5
What is the greatest common divisor of 37874 and 58?
58
Calculate the highest common factor of 323 and 171.
19
Calculate the greatest common divisor of 32 and 2.
2
What is the highest common factor of 25 and 13925?
25
What is the greatest common factor of 11904 and 48?
48
What is the highest common factor of 336 and 294?
42
Calculate the highest common divisor of 78 and 138.
6
Calculate the highest common divisor of 234 and 3354.
78
What is the highest common factor of 175 and 675?
25
Calculate the highest common divisor of 16864 and 2448.
272
Calculate the highest common factor of 68 and 4.
4
Calculate the highest common factor of 133 and 3591.
133
What is the greatest common factor of 160 and 100?
20
Calculate the greatest common divisor of 48 and 112.
16
Calculate the highest common divisor of 4 and 844.
4
What is the highest common divisor of 85 and 646?
17
Calculate the highest common divisor of 187 and 11.
11
Calculate the highest common divisor of 898 and 2.
2
Calculate the highest common divisor of 250 and 49625.
125
Calculate the greatest common divisor of 6 and 1002.
6
Calculate the highest common divisor of 22 and 66.
22
What is the greatest common divisor of 24 and 63?
3
What is the highest common divisor of 1844 and 8?
4
What is the highest common divisor of 1736 and 644?
28
Calculate the greatest common factor of 160 and 130.
10
What is the greatest common factor of 1 and 107?
1
Calculate the greatest common factor of 627 and 3.
3
Calculate the greatest common factor of 6 and 2694.
6
Calculate the greatest common factor of 184 and 115.
23
What is the highest common divisor of 32472 and 164?
164
Calculate the greatest common factor of 936 and 72.
72
What is the highest common factor of 19 and 1159?
19
What is the highest common divisor of 4844 and 28?
28
What is the highest common divisor of 16608 and 96?
96
What is the greatest common divisor of 1008 and 189?
63
Calculate the greatest common factor of 132 and 84.
12
Calculate the highest common factor of 34 and 544.
34
Calculate the greatest common divisor of 19 and 437.
19
What is the greatest common divisor of 44 and 3971?
11
What is the greatest common factor of 96 and 1792?
32
Calculate the highest common factor of 210 and 240.
30
What is the greatest common factor of 24 and 450?
6
What is the highest common factor of 621 and 138?
69
What is the greatest common divisor of 45 and 45?
45
What is the highest common factor of 3012 and 12?
12
What is the greatest common divisor of 265 and 689?
53
Calculate the greatest common factor of 323 and 152.
19
Calculate the greatest common factor of 6900 and 345.
345
What is the greatest common factor of 165 and 465?
15
Calculate the greatest common factor of 3842 and 51.
17
What is the highest common divisor of 102 and 34?
34
Calculate the highest common factor of 15 and 395.
5
What is the greatest common factor of 1176 and 147?
147
Calculate the highest common divisor of 15 and 2055.
15
What is the greatest common divisor of 1841 and 9468?
263
Calculate the highest common divisor of 98 and 476.
14
What is the highest common factor of 462 and 330?
66
Calculate the greatest common divisor of 52 and 4.
4
What is the highest common divisor of 12 and 24?
12
What is the highest common factor of 425 and 255?
85
What is the highest common divisor of 6222 and 610?
122
Calculate the greatest common factor of 65 and 20.
5
What is the greatest common divisor of 114 and 3648?
114
Calculate the highest common divisor of 4 and 86.
2
What is the highest common divisor of 1178 and 124?
62
Calculate the highest common divisor of 3977 and 291.
97
Calculate the highest common divisor of 1016 and 1397.
127
What is the highest common factor of 186 and 806?
62
Calculate the highest common divisor of 135 and 1215.
135
What is the highest common factor of 44 and 2321?
11
Calculate the highest common factor of 51 and 323.
17
Calculate the highest common factor of 104 and 156.
52
Calculate the highest common factor of 24 and 156.
12
Calculate the highest common divisor of 1899 and 153.
9
Calculate the greatest common divisor of 190 and 494.
38
Calculate the highest common factor of 633 and 3.
3
What is the greatest common divisor of 4135 and 5?
5
What is the greatest common factor of 594 and 108?
54
Calculate the greatest common factor of 344 and 30788.
172
What is the highest common factor of 2501 and 123?
41
What is the highest common divisor of 84 and 108?
12
What is the highest common factor of 2768 and 144?
16
What is the greatest common factor of 16 and 2?
2
Calculate the greatest common factor of 65 and 585.
65
What is the greatest common factor of 108 and 999?
27
What is the highest common factor of 1365 and 1729?
91
What is the highest common factor of 570 and 30?
30
Calculate the greatest common factor of 929 and 1.
1
What is the greatest common factor of 1500 and 24?
12
Calculate the greatest common divisor of 8938 and 164.
82
What is the greatest common divisor of 117 and 65?
13
Calculate the highest common factor of 20 and 80.
20
What is the greatest common factor of 39 and 33?
3
What is the highest common factor of 2002 and 1232?
154
Calculate the greatest common divisor of 15650 and 150.
50
Calculate the highest common factor of 36 and 306.
18
What is the highest common factor of 858 and 52?
26
Calculate the highest common divisor of 32 and 5296.
16
What is the greatest common divisor of 1475 and 100?
25
Calculate the greatest common divisor of 90 and 550.
10
Calculate the greatest common factor of 180 and 279.
9
Calculate the greatest common divisor of 21 and 329.
7
Calculate the greatest common factor of 440 and 160.
40
What is the highest common factor of 880 and 27500?
220
What is the highest common factor of 637 and 245?
49
What is the greatest common factor of 54 and 198?
18
Calculate the highest common divisor of 127448 and 358.
358
What is the highest common divisor of 33 and 143?
11
What is the highest common divisor of 258 and 102?
6
What is the greatest common factor of 70 and 180?
10
Calculate the highest common divisor of 15 and 915.
15
Calculate the greatest common factor of 462 and 420.
42
What is the greatest common divisor of 30 and 170?
10
What is the highest common divisor of 1316 and 1484?
28
What is the highest common factor of 308 and 1276?
44
Calculate the greatest common f